4764 is divided by 33?
12
Calculate the remainder when 2766 is divided by 54.
12
Calculate the remainder when 9916477 is divided by 608.
605
What is the remainder when 13065 is divided by 30?
15
What is the remainder when 1213 is divided by 62?
35
What is the remainder when 34400 is divided by 69?
38
Calculate the remainder when 3270901 is divided by 91.
88
What is the remainder when 52387 is divided by 17444?
55
Calculate the remainder when 2994 is divided by 59.
44
What is the remainder when 113131 is divided by 155?
136
Calculate the remainder when 5997078 is divided by 20.
18
What is the remainder when 446095 is divided by 707?
685
Calculate the remainder when 14423 is divided by 82.
73
What is the remainder when 1055 is divided by 280?
215
What is the remainder when 6799 is divided by 6793?
6
What is the remainder when 33194 is divided by 33165?
29
What is the remainder when 67082 is divided by 18?
14
What is the remainder when 81787 is divided by 71?
66
Calculate the remainder when 69818 is divided by 17398.
226
Calculate the remainder when 33629 is divided by 11.
2
What is the remainder when 57223 is divided by 105?
103
Calculate the remainder when 38166 is divided by 12721.
3
Calculate the remainder when 134407 is divided by 11200.
7
Calculate the remainder when 5439 is divided by 1083.
24
What is the remainder when 12264 is divided by 4045?
129
What is the remainder when 4667 is divided by 337?
286
Calculate the remainder when 21309 is divided by 787.
60
Calculate the remainder when 8133 is divided by 1012.
37
Calculate the remainder when 1298403 is divided by 432800.
3
What is the remainder when 362608 is divided by 72513?
43
Calculate the remainder when 169271 is divided by 148.
107
Calculate the remainder when 373206 is divided by 28.
22
What is the remainder when 8804 is divided by 36?
20
What is the remainder when 69311 is divided by 456?
455
What is the remainder when 57309 is divided by 394?
179
Calculate the remainder when 7610 is divided by 370.
210
What is the remainder when 438 is divided by 112?
102
Calculate the remainder when 120157 is divided by 40.
37
What is the remainder when 6955 is divided by 6950?
5
What is the remainder when 3198 is divided by 681?
474
What is the remainder when 2670 is divided by 59?
15
Calculate the remainder when 43745 is divided by 35.
30
Calculate the remainder when 319461 is divided by 35491.
42
Calculate the remainder when 16546 is divided by 1810.
256
What is the remainder when 46196 is divided by 2309?
16
Calculate the remainder when 7502 is divided by 1068.
26
Calculate the remainder when 25091 is divided by 30.
11
What is the remainder when 17264 is divided by 750?
14
Calculate the remainder when 3028 is divided by 486.
112
Calculate the remainder when 28545 is divided by 25.
20
Calculate the remainder when 16706 is divided by 59.
9
Calculate the remainder when 1002 is divided by 76.
14
What is the remainder when 39079 is divided by 2286?
217
What is the remainder when 43223 is divided by 3087?
5
What is the remainder when 12205 is divided by 12203?
2
Calculate the remainder when 18998 is divided by 37.
17
Calculate the remainder when 312 is divided by 150.
12
What is the remainder when 1216581 is divided by 183?
180
Calculate the remainder when 602701 is divided by 139.
136
Calculate the remainder when 56494 is divided by 132.
130
What is the remainder when 31487 is divided by 10?
7
What is the remainder when 25414 is divided by 20?
14
What is the remainder when 66874 is divided by 455?
444
Calculate the remainder when 552264 is divided by 50.
14
What is the remainder when 67691 is divided by 487?
485
What is the remainder when 1165 is divided by 55?
10
What is the remainder when 3400 is divided by 498?
412
Calculate the remainder when 196138 is divided by 35.
33
What is the remainder when 2983 is divided by 1465?
53
What is the remainder when 624171 is divided by 69?
66
What is the remainder when 242603 is divided by 293?
292
What is the remainder when 36010 is divided by 7181?
105
Calculate the remainder when 12409 is divided by 2064.
25
What is the remainder when 123724 is divided by 676?
16
Calculate the remainder when 18501 is divided by 39.
15
What is the remainder when 13899 is divided by 50?
49
What is the remainder when 6266 is divided by 3075?
116
Calculate the remainder when 29733 is divided by 24.
21
Calculate the remainder when 638169 is divided by 616.
609
What is the remainder when 7731 is divided by 262?
133
What is the remainder when 124521 is divided by 58?
53
Calculate the remainder when 8255 is divided by 920.
895
Calculate the remainder when 2692 is divided by 870.
82
Calculate the remainder when 21874 is divided by 38.
24
What is the remainder when 21224 is divided by 2344?
128
What is the remainder when 5255274 is divided by 227?
224
What is the remainder when 6464 is divided by 2279?
1906
What is the remainder when 10438 is divided by 1303?
14
What is the remainder when 39900 is divided by 43?
39
What is the remainder when 28501 is divided by 277?
247
What is the remainder when 323722 is divided by 3205?
17
What is the remainder when 6585 is divided by 89?
88
What is the remainder when 6997 is divided by 17?
10
What is the remainder when 10553 is divided by 153?
149
What is the remainder when 806 is divided by 402?
2
Calculate the remainder when 2036 is divided by 992.
52
Calculate the remainder when 1729 is divided by 29.
18
What is the remainder when 3021 is divided by 2629?
392
Calculate the remainder when 254079 is divided by 28231.
0
What is the remainder when 433663 is divided by 15?
13
Calculate the remainder when 20562 is divided by 240.
162
Calculate the remainder when 5716 is divided by 125.
91
Calculate the remainder when 9698 is divided by 70.
38
What is the remainder when 5069 is divided by 1214?
213
Calculate the remainder when 3949 is divided by 2616.
1333
What is the remainder when 33801 is divided by 546?
495
What is the remainder when 9972 is divided by 294?
270
Calculate the remainder when 1246 is divided by 16.
14
Calculate the remainder when 587 is divided by 192.
11
Calculate the remainder when 3748 is divided by 16.
4
What is the remainder when 1441895 is divided by 25?
20
What is the remainder when 80668 is divided by 5?
3
Calculate the remainder when 2212 is divided by 41.
39
What is the remainder when 12260 is divided by 59?
47
Calculate the remainder when 8036 is divided by 1152.
1124
Calculate the remainder when 2728 is divided by 1248.
232
Calculate the remainder when 3843 is divided by 125.
93
What is the remainder when 660662 is divided by 94377?
23
Calculate the remainder when 21409 is divided by 7125.
34
Calculate the remainder when 8053 is divided by 130.
123
Calculate the remainder when 2505238 is divided by 40.
38
What is the remainder when 56983 is divided by 14243?
11
Calculate the remainder when 254440 is divided by 28271.
1
Calculate the remainder when 42075 is divided by 6998.
87
What is the remainder when 4929 is divided by 10?
9
Calculate the remainder when 30619 is divided by 120.
19
Calculate the remainder when 271457 is divided by 18.
17
Calculate the remainder when 7806 is divided by 1299.
12
Calculate the remainder when 102212 is divided by 34065.
17
Calculate the remainder when 2487 is divided by 1047.
393
What is the remainder when 162 is divided by 131?
31
Calculate the remainder when 348148 is divided by 43515.
28
Calculate the remainder when 264548 is divided by 57.
11
What is the remainder when 386 is divided by 30?
26
What is the remainder when 4620 is divided by 491?
201
Calculate the remainder when 344658 is divided by 67.
10
What is the remainder when 1144 is divided by 145?
129
Calculate the remainder when 3564 is divided by 24.
12
What is the remainder when 4028 is divided by 51?
50
What is the remainder when 6883 is divided by 49?
23
What is the remainder when 5584 is divided by 1845?
49
Calculate the remainder when 1420276 is divided by 45.
31
Calculate the remainder when 170396 is divided by 12.
8
What is the remainder when 56786 is divided by 62?
56
What is the remainder when 19823 is divided by 280?
223
What is the remainder when 40262 is divided by 5749?
19
Calculate the remainder when 31796